{"id":66,"date":"2024-09-25T15:33:19","date_gmt":"2024-09-25T13:33:19","guid":{"rendered":"https:\/\/www.psychoterapia-ap.pl\/?page_id=66"},"modified":"2024-10-06T13:15:13","modified_gmt":"2024-10-06T11:15:13","slug":"o-mnie","status":"publish","type":"page","link":"https:\/\/www.psychoterapia-ap.pl\/index.php\/o-mnie\/","title":{"rendered":"O mnie"},"content":{"rendered":"\t\t<div data-elementor-type=\"wp-page\" data-elementor-id=\"66\" class=\"elementor elementor-66\" data-elementor-post-type=\"page\">\n\t\t\t\t\t\t<section class=\"elementor-section elementor-top-section elementor-element elementor-element-228c735d elementor-section-stretched elementor-reverse-tablet elementor-reverse-mobile elementor-section-boxed elementor-section-height-default elementor-section-height-default\" data-id=\"228c735d\" data-element_type=\"section\" data-settings=\"{&quot;stretch_section&quot;:&quot;section-stretched&quot;,&quot;background_background&quot;:&quot;classic&quot;}\">\n\t\t\t\t\t\t<div class=\"elementor-container elementor-column-gap-default\">\n\t\t\t\t\t<div class=\"elementor-column elementor-col-50 elementor-top-column elementor-element elementor-element-1cd5a767\" data-id=\"1cd5a767\" data-element_type=\"column\">\n\t\t\t<div class=\"elementor-widget-wrap elementor-element-populated\">\n\t\t\t\t\t\t<section class=\"elementor-section elementor-inner-section elementor-element elementor-element-1b9ac32f elementor-section-boxed elementor-section-height-default elementor-section-height-default\" data-id=\"1b9ac32f\" data-element_type=\"section\">\n\t\t\t\t\t\t<div class=\"elementor-container elementor-column-gap-default\">\n\t\t\t\t\t<div class=\"elementor-column elementor-col-100 elementor-inner-column elementor-element elementor-element-88a9d0a\" data-id=\"88a9d0a\" data-element_type=\"column\">\n\t\t\t<div class=\"elementor-widget-wrap elementor-element-populated\">\n\t\t\t\t\t\t<div class=\"elementor-element elementor-element-ad401b7 elementor-widget elementor-widget-spacer\" data-id=\"ad401b7\" data-element_type=\"widget\" data-widget_type=\"spacer.default\">\n\t\t\t\t<div class=\"elementor-widget-container\">\n\t\t\t\t\t\t\t<div class=\"elementor-spacer\">\n\t\t\t<div class=\"elementor-spacer-inner\"><\/div>\n\t\t<\/div>\n\t\t\t\t\t\t<\/div>\n\t\t\t\t<\/div>\n\t\t\t\t<div class=\"elementor-element elementor-element-b3f211e elementor-widget elementor-widget-image\" data-id=\"b3f211e\" data-element_type=\"widget\" data-widget_type=\"image.default\">\n\t\t\t\t<div class=\"elementor-widget-container\">\n\t\t\t\t\t\t\t\t\t\t\t\t\t\t\t<img fetchpriority=\"high\" decoding=\"async\" width=\"427\" height=\"640\" src=\"https:\/\/www.psychoterapia-ap.pl\/wp-content\/uploads\/2024\/09\/DSC_4067.jpg\" class=\"attachment-large size-large wp-image-212\" alt=\"\" srcset=\"https:\/\/www.psychoterapia-ap.pl\/wp-content\/uploads\/2024\/09\/DSC_4067.jpg 427w, https:\/\/www.psychoterapia-ap.pl\/wp-content\/uploads\/2024\/09\/DSC_4067-200x300.jpg 200w\" sizes=\"(max-width: 427px) 100vw, 427px\" \/>\t\t\t\t\t\t\t\t\t\t\t\t\t\t\t<\/div>\n\t\t\t\t<\/div>\n\t\t\t\t\t<\/div>\n\t\t<\/div>\n\t\t\t\t\t<\/div>\n\t\t<\/section>\n\t\t\t\t\t<\/div>\n\t\t<\/div>\n\t\t\t\t<div class=\"elementor-column elementor-col-50 elementor-top-column elementor-element elementor-element-75216c7b\" data-id=\"75216c7b\" data-element_type=\"column\">\n\t\t\t<div class=\"elementor-widget-wrap elementor-element-populated\">\n\t\t\t\t\t\t<div class=\"elementor-element elementor-element-698b8c85 elementor-invisible elementor-widget elementor-widget-heading\" data-id=\"698b8c85\" data-element_type=\"widget\" data-settings=\"{&quot;_animation&quot;:&quot;fadeIn&quot;}\" data-widget_type=\"heading.default\">\n\t\t\t\t<div class=\"elementor-widget-container\">\n\t\t\t\t\t<h2 class=\"elementor-heading-title elementor-size-default\">o mnie<\/h2>\t\t\t\t<\/div>\n\t\t\t\t<\/div>\n\t\t\t\t<div class=\"elementor-element elementor-element-79c74cd8 elementor-widget elementor-widget-spacer\" data-id=\"79c74cd8\" data-element_type=\"widget\" data-widget_type=\"spacer.default\">\n\t\t\t\t<div class=\"elementor-widget-container\">\n\t\t\t\t\t\t\t<div class=\"elementor-spacer\">\n\t\t\t<div class=\"elementor-spacer-inner\"><\/div>\n\t\t<\/div>\n\t\t\t\t\t\t<\/div>\n\t\t\t\t<\/div>\n\t\t\t\t<div class=\"elementor-element elementor-element-3361dd24 elementor-widget elementor-widget-text-editor\" data-id=\"3361dd24\" data-element_type=\"widget\" data-widget_type=\"text-editor.default\">\n\t\t\t\t<div class=\"elementor-widget-container\">\n\t\t\t\t\t\t\t\t\t<div><span data-originalfontsize=\"medium\" data-originalcomputedfontsize=\"16\">Uko\u0144czy\u0142am 4-letni kurs psychoterapii w Polskim Instytucie Psychoterapii Integratywnej w Krakowie. Od tej pory stale podnosz\u0119 swoje kwalifikacje. Jestem certyfikowan\u0105 psychoterapeutk\u0105 w European Asocciation for Psychotherapy.<\/span><\/div><div data-removefontsize=\"true\" data-originalcomputedfontsize=\"16\"><span data-originalfontsize=\"medium\" data-originalcomputedfontsize=\"16\">Swoj\u0105 prac\u0119 poddaj\u0119 superwizji indywidualnej i grupowej u certyfikowanych superwizor\u00f3w Polskiego Towarzystwa Psychologicznego i EAP<\/span>. Odby\u0142am 6 miesi\u0119czny sta\u017c w Zamkni\u0119tym Oddziale Psychiatrycznym, przy Specjalistycznym Zespole Psychiatrycznej Opieki Zdrowotnej we Wroc\u0142awiu.<\/div>\t\t\t\t\t\t\t\t<\/div>\n\t\t\t\t<\/div>\n\t\t\t\t<div class=\"elementor-element elementor-element-54446e22 elementor-mobile-align-center elementor-invisible elementor-widget elementor-widget-button\" data-id=\"54446e22\" data-element_type=\"widget\" data-settings=\"{&quot;_animation&quot;:&quot;fadeInUp&quot;}\" data-widget_type=\"button.default\">\n\t\t\t\t<div class=\"elementor-widget-container\">\n\t\t\t\t\t\t\t\t\t<div class=\"elementor-button-wrapper\">\n\t\t\t\t\t<a class=\"elementor-button elementor-button-link elementor-size-md elementor-animation-hang\" href=\"https:\/\/www.psychoterapia-ap.pl\/index.php\/kontakt\/\">\n\t\t\t\t\t\t<span class=\"elementor-button-content-wrapper\">\n\t\t\t\t\t\t<span class=\"elementor-button-icon\">\n\t\t\t\t<svg aria-hidden=\"true\" class=\"e-font-icon-svg e-fas-arrow-right\" viewBox=\"0 0 448 512\" xmlns=\"http:\/\/www.w3.org\/2000\/svg\"><path d=\"M190.5 66.9l22.2-22.2c9.4-9.4 24.6-9.4 33.9 0L441 239c9.4 9.4 9.4 24.6 0 33.9L246.6 467.3c-9.4 9.4-24.6 9.4-33.9 0l-22.2-22.2c-9.5-9.5-9.3-25 .4-34.3L311.4 296H24c-13.3 0-24-10.7-24-24v-32c0-13.3 10.7-24 24-24h287.4L190.9 101.2c-9.8-9.3-10-24.8-.4-34.3z\"><\/path><\/svg>\t\t\t<\/span>\n\t\t\t\t\t\t\t\t\t<span class=\"elementor-button-text\">Skontaktuj si\u0119 z mn\u0105!<\/span>\n\t\t\t\t\t<\/span>\n\t\t\t\t\t<\/a>\n\t\t\t\t<\/div>\n\t\t\t\t\t\t\t\t<\/div>\n\t\t\t\t<\/div>\n\t\t\t\t\t<\/div>\n\t\t<\/div>\n\t\t\t\t\t<\/div>\n\t\t<\/section>\n\t\t\t\t<section class=\"elementor-section elementor-top-section elementor-element elementor-element-371cc348 elementor-section-content-bottom elementor-section-height-min-height elementor-section-items-stretch elementor-section-boxed elementor-section-height-default\" data-id=\"371cc348\" data-element_type=\"section\" data-settings=\"{&quot;background_background&quot;:&quot;classic&quot;}\">\n\t\t\t\t\t\t\t<div class=\"elementor-background-overlay\"><\/div>\n\t\t\t\t\t\t\t<div class=\"elementor-container elementor-column-gap-no\">\n\t\t\t\t\t<div class=\"elementor-column elementor-col-50 elementor-top-column elementor-element elementor-element-11c2268\" data-id=\"11c2268\" data-element_type=\"column\">\n\t\t\t<div class=\"elementor-widget-wrap elementor-element-populated\">\n\t\t\t\t\t\t<div class=\"elementor-element elementor-element-46cf549 elementor-widget elementor-widget-spacer\" data-id=\"46cf549\" data-element_type=\"widget\" data-widget_type=\"spacer.default\">\n\t\t\t\t<div class=\"elementor-widget-container\">\n\t\t\t\t\t\t\t<div class=\"elementor-spacer\">\n\t\t\t<div class=\"elementor-spacer-inner\"><\/div>\n\t\t<\/div>\n\t\t\t\t\t\t<\/div>\n\t\t\t\t<\/div>\n\t\t\t\t\t<\/div>\n\t\t<\/div>\n\t\t\t\t<div class=\"elementor-column elementor-col-50 elementor-top-column elementor-element elementor-element-636e28d0\" data-id=\"636e28d0\" data-element_type=\"column\" data-settings=\"{&quot;background_background&quot;:&quot;classic&quot;}\">\n\t\t\t<div class=\"elementor-widget-wrap elementor-element-populated\">\n\t\t\t\t\t\t<div class=\"elementor-element elementor-element-5c0cfc72 elementor-invisible elementor-widget elementor-widget-heading\" data-id=\"5c0cfc72\" data-element_type=\"widget\" data-settings=\"{&quot;_animation&quot;:&quot;fadeIn&quot;}\" data-widget_type=\"heading.default\">\n\t\t\t\t<div class=\"elementor-widget-container\">\n\t\t\t\t\t<h3 class=\"elementor-heading-title elementor-size-default\">Ca\u0142y czas uzupe\u0142niam swoj\u0105 wiedz\u0119 praktyczn\u0105, uko\u0144czy\u0142am nast\u0119puj\u0105ce szkolenia: Diagnoza kliniczna DSM IV - I i II stopie\u0144, Integratywna Psychoterapia Kr\u00f3tkoterminowa, Integratywna Psychoterapia Zaburze\u0144 L\u0119kowych, Integratywna Psychoterapia Depresji, Hipnoza kliniczna - szkolenie podstawowe i zaawansowane. Psychosomatoterapia, praca z cia\u0142em, mindfulness, Terapia pacjent\u00f3w z zaburzeniem jedzenia i Psychoterapia par. W 2019  roku uko\u0144czy\u0142am specjalistyczne szkolenie: \"Metody pracy z cia\u0142em w praktyce psychoterapeuty\", prowadzonym przez Katarzyn\u0119 W\u0119glorz Makuch trenera i superwizora PFP i EAGT.<\/h3>\t\t\t\t<\/div>\n\t\t\t\t<\/div>\n\t\t\t\t<div class=\"elementor-element elementor-element-542fabe7 elementor-widget-divider--view-line elementor-invisible elementor-widget elementor-widget-divider\" data-id=\"542fabe7\" data-element_type=\"widget\" data-settings=\"{&quot;_animation&quot;:&quot;fadeInUp&quot;}\" data-widget_type=\"divider.default\">\n\t\t\t\t<div class=\"elementor-widget-container\">\n\t\t\t\t\t\t\t<div class=\"elementor-divider\">\n\t\t\t<span class=\"elementor-divider-separator\">\n\t\t\t\t\t\t<\/span>\n\t\t<\/div>\n\t\t\t\t\t\t<\/div>\n\t\t\t\t<\/div>\n\t\t\t\t<div class=\"elementor-element elementor-element-77578d86 elementor-widget elementor-widget-text-editor\" data-id=\"77578d86\" data-element_type=\"widget\" data-widget_type=\"text-editor.default\">\n\t\t\t\t<div class=\"elementor-widget-container\">\n\t\t\t\t\t\t\t\t\t<p>Od kiedy pami\u0119tam interesuje si\u0119 cz\u0142owiekiem jako osob\u0105 spo\u0142eczn\u0105 i jako zintegrowan\u0105 jednostk\u0105, kt\u00f3ra stara si\u0119 odpowiedzie\u0107 na pytania, kim jest, dok\u0105d zmierza, czy jest wolna, co mo\u017ce, co powinna itd. Opr\u00f3cz psychoterapii, poszerzania wiedzy i technik zwi\u0105zanych z t\u0105 dziedzin\u0105, interesuj\u0119 si\u0119 te\u017c rebirthingiem czyli \u015bwiadomym oddychaniem, kt\u00f3re redukuje stres i sprawia, \u017ce mam wi\u0119cej energii i witalno\u015bci. Uwielbiam spacery z moim psem, czytanie ksi\u0105\u017cek, kt\u00f3re pomagaj\u0105 zagl\u0105da\u0107 w siebie i marzy\u0107. Uwielbiam te\u017c spotkania z przyjaci\u00f3\u0142mi. Od czasu do czasu podr\u00f3\u017cuj\u0119, \u017ceby nabra\u0107 dystansu do codzienno\u015bci.<\/p><p>Moja fascynacja lud\u017ami rozpocz\u0119\u0142a si\u0119 ju\u017c w liceum kiedy to, podj\u0119\u0142am nauk\u0119 na profilu pedagogicznym. Posiadam tytu\u0142 magistra Zarz\u0105dzania Kadrami i Psychologii Zarz\u0105dzania. Studiowa\u0142am tez Filozofi\u0119 i uko\u0144czy\u0142am studia podyplomowe na Wydziale Psychologii Zarz\u0105dzania na Uniwersytecie Wroc\u0142awskim.<\/p>\t\t\t\t\t\t\t\t<\/div>\n\t\t\t\t<\/div>\n\t\t\t\t\t<\/div>\n\t\t<\/div>\n\t\t\t\t\t<\/div>\n\t\t<\/section>\n\t\t\t\t<\/div>\n\t\t","protected":false},"excerpt":{"rendered":"<p>o mnie Uko\u0144czy\u0142am 4-letni kurs psychoterapii w Polskim Instytucie Psychoterapii Integratywnej w Krakowie. Od tej pory stale podnosz\u0119 swoje kwalifikacje. Jestem certyfikowan\u0105 psychoterapeutk\u0105 w European Asocciation for Psychotherapy.Swoj\u0105 prac\u0119 poddaj\u0119 superwizji indywidualnej i grupowej u certyfikowanych superwizor\u00f3w Polskiego Towarzystwa Psychologicznego i EAP. Odby\u0142am 6 miesi\u0119czny sta\u017c w Zamkni\u0119tym Oddziale Psychiatrycznym, przy Specjalistycznym Zespole Psychiatrycznej Opieki [&hellip;]<\/p>\n","protected":false},"author":1,"featured_media":0,"parent":0,"menu_order":0,"comment_status":"closed","ping_status":"closed","template":"elementor_header_footer","meta":{"footnotes":""},"class_list":["post-66","page","type-page","status-publish","hentry"],"_links":{"self":[{"href":"https:\/\/www.psychoterapia-ap.pl\/index.php\/wp-json\/wp\/v2\/pages\/66","targetHints":{"allow":["GET"]}}],"collection":[{"href":"https:\/\/www.psychoterapia-ap.pl\/index.php\/wp-json\/wp\/v2\/pages"}],"about":[{"href":"https:\/\/www.psychoterapia-ap.pl\/index.php\/wp-json\/wp\/v2\/types\/page"}],"author":[{"embeddable":true,"href":"https:\/\/www.psychoterapia-ap.pl\/index.php\/wp-json\/wp\/v2\/users\/1"}],"replies":[{"embeddable":true,"href":"https:\/\/www.psychoterapia-ap.pl\/index.php\/wp-json\/wp\/v2\/comments?post=66"}],"version-history":[{"count":34,"href":"https:\/\/www.psychoterapia-ap.pl\/index.php\/wp-json\/wp\/v2\/pages\/66\/revisions"}],"predecessor-version":[{"id":281,"href":"https:\/\/www.psychoterapia-ap.pl\/index.php\/wp-json\/wp\/v2\/pages\/66\/revisions\/281"}],"wp:attachment":[{"href":"https:\/\/www.psychoterapia-ap.pl\/index.php\/wp-json\/wp\/v2\/media?parent=66"}],"curies":[{"name":"wp","href":"https:\/\/api.w.org\/{rel}","templated":true}]}}